 the tens digit of 3079680?
8
What is the ten thousands digit of 3202799?
0
What is the ten thousands digit of 208771?
0
What is the millions digit of 30860640?
0
What is the ten thousands digit of 12893?
1
What is the thousands digit of 9836970?
6
What is the hundred thousands digit of 1871654?
8
What is the thousands digit of 8157?
8
What is the hundreds digit of 1444181?
1
What is the units digit of 167604?
4
What is the units digit of 7932560?
0
What is the ten thousands digit of 44307?
4
What is the thousands digit of 229494?
9
What is the units digit of 1087489?
9
What is the thousands digit of 572904?
2
What is the hundreds digit of 52748?
7
What is the thousands digit of 20871589?
1
What is the hundreds digit of 128189?
1
What is the hundreds digit of 1844935?
9
What is the thousands digit of 2505687?
5
What is the tens digit of 13891439?
3
What is the hundreds digit of 7437310?
3
What is the units digit of 275978?
8
What is the ten thousands digit of 16664065?
6
What is the tens digit of 1306446?
4
What is the units digit of 8372168?
8
What is the units digit of 589476?
6
What is the hundreds digit of 9582385?
3
What is the hundreds digit of 1864119?
1
What is the hundreds digit of 1088075?
0
What is the hundred thousands digit of 34649833?
6
What is the hundred thousands digit of 252824?
2
What is the thousands digit of 287017?
7
What is the millions digit of 1733340?
1
What is the units digit of 2703174?
4
What is the tens digit of 561393?
9
What is the thousands digit of 566144?
6
What is the thousands digit of 657676?
7
What is the units digit of 191386?
6
What is the millions digit of 3145360?
3
What is the units digit of 4812460?
0
What is the tens digit of 3065714?
1
What is the hundreds digit of 12796699?
6
What is the hundreds digit of 16318564?
5
What is the units digit of 63929?
9
What is the hundreds digit of 4967565?
5
What is the tens digit of 653770?
7
What is the tens digit of 9151797?
9
What is the tens digit of 1490983?
8
What is the thousands digit of 351974?
1
What is the units digit of 6379451?
1
What is the thousands digit of 158795?
8
What is the units digit of 25638457?
7
What is the units digit of 2355837?
7
What is the hundred thousands digit of 272674?
2
What is the ten thousands digit of 1426844?
2
What is the thousands digit of 420031?
0
What is the units digit of 223215?
5
What is the ten millions digit of 25658089?
2
What is the ten thousands digit of 130096?
3
What is the hundred thousands digit of 1451058?
4
What is the ten thousands digit of 56609?
5
What is the thousands digit of 5213814?
3
What is the hundreds digit of 5138984?
9
What is the hundred thousands digit of 2485052?
4
What is the hundred thousands digit of 2312863?
3
What is the ten thousands digit of 533737?
3
What is the units digit of 179751?
1
What is the thousands digit of 1836018?
6
What is the hundred thousands digit of 1201764?
2
What is the thousands digit of 13458990?
8
What is the hundred thousands digit of 181486?
1
What is the hundred thousands digit of 150822?
1
What is the tens digit of 546840?
4
What is the millions digit of 9558524?
9
What is the ten millions digit of 12631019?
1
What is the hundreds digit of 27630?
6
What is the hundred thousands digit of 933056?
9
What is the ten millions digit of 35261509?
3
What is the ten thousands digit of 514577?
1
What is the units digit of 19931?
1
What is the units digit of 250416?
6
What is the thousands digit of 9672669?
2
What is the tens digit of 273180?
8
What is the ten thousands digit of 113982?
1
What is the hundreds digit of 348150?
1
What is the tens digit of 3583766?
6
What is the hundreds digit of 15754124?
1
What is the tens digit of 393150?
5
What is the tens digit of 10664017?
1
What is the hundreds digit of 364253?
2
What is the tens digit of 4704147?
4
What is the hundred thousands digit of 7389310?
3
What is the tens digit of 123376?
7
What is the thousands digit of 3817?
3
What is the thousands digit of 4617?
4
What is the ten thousands digit of 31204661?
0
What is the tens digit of 5926214?
1
What is the thousands digit of 1247463?
7
What is the thousands digit of 5790832?
0
What is the hundreds digit of 935981?
9
What is the ten thousands digit of 6857898?
5
What is the tens digit of 135977?
7
What is the thousands digit of 1512707?
2
What is the tens digit of 7190448?
4
What is the ten thousands digit of 6995238?
9
What is the tens digit of 83714?
1
What is the ten thousands digit of 1406964?
0
What is the thousands digit of 317141?
7
What is the tens digit of 342421?
2
What is the hundred thousands digit of 2140479?
1
What is the hundred thousands digit of 794196?
7
What is the tens digit of 852562?
6
What is the hundreds digit of 177367?
3
What is the thousands digit of 1615727?
5
What is the thousands digit of 14123?
4
What is the hundred thousands digit of 2599876?
5
What is the tens digit of 328411?
1
What is the ten thousands digit of 47774?
4
What is the millions digit of 25684541?
5
What is the ten thousands digit of 1707478?
0
What is the thousands digit of 1252796?
2
What is the hundred thousands digit of 2523986?
5
What is the tens digit of 3446853?
5
What is the thousands digit of 11874026?
4
What is the units digit of 2960925?
5
What is the millions digit of 1519336?
1
What is the tens digit of 491668?
6
What is the ten thousands digit of 11989228?
8
What is the ten thousands digit of 177752?
7
What is the hundred thousands digit of 187724?
1
What is the tens digit of 711187?
8
What is the hundred thousands digit of 719059?
7
What is the hundred thousands digit of 1102159?
1
What is the thousands digit of 1437574?
7
What is the millions digit of 5479787?
5
What is the millions digit of 26235420?
6
What is the millions digit of 3819327?
3
What is the hundreds digit of 270073?
0
What is the units digit of 420048?
8
What is the ten thousands digit of 911352?
1
What is the hundred thousands digit of 175344?
1
What is the ten thousands digit of 468512?
6
What is the hundred thousands digit of 1099738?
0
What is the hundred thousands digit of 6792106?
7
What is the units digit of 8044874?
4
What is the units digit of 6471709?
9
What is the units digit of 3491576?
6
What is the thousands digit of 1563934?
3
What is the units digit of 242530?
0
What is the hundred thousands digit of 657834?
6
What is the thousands digit of 4317552?
7
What is the ten thousands digit of 69176?
6
What is the hundreds digit of 192928?
9
What is the thousands digit of 171659?
1
What is the hundred thousands digit of 7497824?
4
What is the hundred thousands digit of 1702026?
7
What is the hundreds digit of 137876?
8
What is the units digit of 2203157?
7
What is the thousands digit of 260018?
0
What is the ten millions digit of 13153972?
1
What is the units digit of 7259214?
4
What is the hundreds digit of 226817?
8
What is the hundreds digit of 5307681?
6
What is the hundreds digit of 1981539?
5
What is the thousands digit of 8347709?
7
What is the thousands digit of 5747038?
7
What is the hundred thousands digit of 6530314?
5
What is the tens digit of 79790?
9
What is the hundreds digit of 5269656?
6
What is the ten thousands digit of 1437488?
3
What is the hundreds digit of 1270680?
6
What is the hundred thousands digit of 101570?
1
What is the units digit of 343702?
2
What is the ten thousands digit of 3092512?
9
What is the tens digit of 2218829?
2
What is the tens digit of 19984981?
8
What is the hundred thousands digit of 2424789?
4
What is the hundred thousands digit of 228407?
2
What is the units digit of 1171939?
9
What is the units digit of 5151623?
3
What is the ten thousands digit of 31205?
3
What is the tens digit of 12190?
9
What is the tens digit of 1925852?
5
What is the ten thousands digit of 6515389?
1
What is the units digit of 621968?
8
What is the thousands digit of 172197?
2
What is the hundred thousands digit of 3160612?
1
What is the units digit of 14217074?
4
What is the units digit of 783260?
0
What is the tens digit of 1945862?
6
What is the millions digit of 8535929?
8
What is the hundred thousands digit of 125533?
1
What is the ten thousands digit of 229856?
2
What is the ten thousands digit of 12029?
1
What is the units digit of 3793?
3
Wha